{"id":76,"date":"2014-11-11T09:57:57","date_gmt":"2014-11-11T08:57:57","guid":{"rendered":"http:\/\/www.welfaregiornalisti.it\/?page_id=76"},"modified":"2014-11-12T11:40:20","modified_gmt":"2014-11-12T10:40:20","slug":"il-giornale-chiavi-in-mano","status":"publish","type":"page","link":"http:\/\/www.welfaregiornalisti.it\/?page_id=76","title":{"rendered":"Il giornale &#8220;Chiavi in mano&#8221;"},"content":{"rendered":"<p><strong>Potenza &#8211; Bologna<\/strong><br \/>\nMarzo &#8211; Aprile 1996<br \/>\nSala Giunta, Comune di Matera, Via Aldo Moro<\/p>\n<p>Lo scopo \u00e8 quello di consentire ai giovani giornalisti, privi di occupazione stabile, di acquisire le conoscenze professionali per collocarsi con autonome capacit\u00e0 imprenditoriali sul mercato del lavoro. Gli allievi sono stati impegnati nella progettazione di prodotti informativi, nell\u2019elaborazione grafica, nello studio di tutte le norme relative alla produzione nel settore.<\/p>\n<p><strong>DOCENTI:<\/strong><br \/>\n&#8211; Angelo Agostini<br \/>\nGiornalista e ricercatore, laureato in Filosofia. Docente di giornalismo all\u2019Universit\u00e0 di Lugano. Gi\u00e0 direttore dell\u2019Istituto per la Formazione al Giornalismo di Bologna, si occupa da tempo di formazione al giornalismo e di consulenza editoriale, svolge attivit\u00e0 di ricerca sulle comunicazioni di massa, occupandosi in particolare di sociologia del giornalismo e di politiche dell\u2019informazione.<br \/>\n&#8211; Fabio Amodeo<br \/>\ndocente dell\u2019Istituto per la Formazione al Giornalismo di Bologna, giornalista professionista.<br \/>\n&#8211; Francesca Bacci<br \/>\nsystem manager dell\u2019Istituto per la Formazione al Giornalismo di Bologna, ha tenuto corsi sul sistema editoriale HES presso varie testate, tra cui \u201cL\u2019Indipendente\u201d, \u201cLa Gazzetta di Parma\u201d, \u201cDolomite\u201d, \u201cL\u2019Informazione\u201d.<br \/>\n&#8211; Gino Belli<br \/>\nGiornalista, dirige e gestisce uffici stampa di alcune importanti imprese od organizzazioni, tra queste la Confcooperative Emilia-Romagna, La Fondazione Cassa di Risparmio di Reggio Emilia. Collabora con riviste ed emittenti radiotelevisive, ha svolto attivit\u00e0 di docenza a corsi di formazione per addetti agli uffici stampa.<br \/>\n&#8211; Antongiulio Bua<br \/>\nConsulente editoriale, docente dell\u2019Istituto per la Formazione al Giornalismo di Bologna, laureato in Sociologia<br \/>\n&#8211; Gianfranco Garancini<br \/>\nAvvocato esperto di diritto amministrativo, ricercatore e poi professore associato di Storia del Diritto Italiano e Diritto Comune nella Facolt\u00e0 di Giurisprudenza dell\u2019Universit\u00e0 di Modena. Dal 1986 \u00e8 professore di Storia del diritto nella Facolt\u00e0 di Scienze Politiche dell\u2019Universit\u00e0 degli Studi di Milano<br \/>\n&#8211; Sergio Gessi<br \/>\nGiornalista, docente dell\u2019Istituto per la Formazione al Giornalismo di Bologna, collaboratore del \u201cResto del Carlino\u201d e de \u201cl\u2019Unit\u00e0\u201d, laureato in Scienze Politiche all\u2019Universit\u00e0 di Bologna<br \/>\n&#8211; Lucio Giordani<br \/>\nGrafico, laureato in Ingegneria Elettronica, dirigente di aziende grafiche<br \/>\n&#8211; Elia Nardini<br \/>\nTitolare di CORGAE, azienda nata per la Consulenza in Organizzazione Editoriale. In CORGAE si sviluppano tutte le attivit\u00e0 legate all\u2019editoria informatica: redazione, composizione, impaginazione<br \/>\n&#8211; Marco Pea<br \/>\nGrafico pubblicitario, titolare di Kaleido Studio Milano, che opera nel campo della comunicazione visiva, con progetti di immagine coordinata.<br \/>\n&#8211; Palmiro Pedrini<br \/>\nGrafico, docente di esercitazioni pratiche e di laboratorio tipografico presso l\u2019Istituto Professionale per l\u2019Industria e l\u2019Artigianato \u201cAldini-Valeriani\u201d di Bologna, ha collaborato come docente e coordinatore all\u2019attivazione di un corso mirato all\u2019editoria elettronica presso diversi centri di formazione professionale<br \/>\n&#8211; Angelo Sagarese<br \/>\nGiornalista professionista, Capo ufficio stampa Regione Basilicata<br \/>\n&#8211; Giancarlo Tamburino<br \/>\nDottore commercialista, laureato in Economia e Commercio all\u2019Universit\u00e0 di Napoli, ha conseguito il Master Tributario organizzato dall\u2019IPSOA s.r.l., Milano. Ha conseguito l\u2019abilitazione all\u2019esercizio della professione di Dottore Commercialista presso l\u2019Universit\u00e0 di Bari<br \/>\n&#8211; Pietro Trupia<br \/>\nDocente presso l\u2019Universit\u00e0 Luiss Roma, l\u2019Universit\u00e0 Pontificia Salesiana e l\u2019Universit\u00e0 di Siena. Collabora a varie pubblicazioni di economia, filosofia e management<br \/>\n&#8211; Luigi Vergari<br \/>\nDottore commercialista, laureato in Economia e Commercio presso l\u2019Universit\u00e0 degli Studi di Roma \u201cLa Sapienza\u201d, ha conseguito il Master Tributario all\u2019IPSOA Scuola Impresa s.r.l. Milano, ha conseguito inoltre, l\u2019abilitazione all\u2019esercizio della professione di Dottore Commercialista<\/p>\n","protected":false},"excerpt":{"rendered":"<p>Potenza &#8211; Bologna Marzo &#8211; Aprile 1996 Sala Giunta, Comune di Matera, Via Aldo Moro Lo scopo \u00e8 quello di consentire ai giovani giornalisti, privi di occupazione stabile, di acquisire le conoscenze professionali per collocarsi con autonome capacit\u00e0 imprenditoriali sul mercato del lavoro. Gli allievi sono stati impegnati nella progettazione di prodotti informativi, nell\u2019elaborazione grafica, &hellip; <\/p>\n","protected":false},"author":1,"featured_media":0,"parent":73,"menu_order":0,"comment_status":"closed","ping_status":"open","template":"","meta":{"footnotes":""},"class_list":["entry","page","publish","author-admin","post-76"],"publishpress_future_action":{"enabled":false,"date":"2026-04-28 20:01:18","action":"change-status","newStatus":"draft","terms":[],"taxonomy":"","extraData":[]},"publishpress_future_workflow_manual_trigger":{"enabledWorkflows":[]},"_links":{"self":[{"href":"http:\/\/www.welfaregiornalisti.it\/index.php?rest_route=\/wp\/v2\/pages\/76","targetHints":{"allow":["GET"]}}],"collection":[{"href":"http:\/\/www.welfaregiornalisti.it\/index.php?rest_route=\/wp\/v2\/pages"}],"about":[{"href":"http:\/\/www.welfaregiornalisti.it\/index.php?rest_route=\/wp\/v2\/types\/page"}],"author":[{"embeddable":true,"href":"http:\/\/www.welfaregiornalisti.it\/index.php?rest_route=\/wp\/v2\/users\/1"}],"replies":[{"embeddable":true,"href":"http:\/\/www.welfaregiornalisti.it\/index.php?rest_route=%2Fwp%2Fv2%2Fcomments&post=76"}],"version-history":[{"count":6,"href":"http:\/\/www.welfaregiornalisti.it\/index.php?rest_route=\/wp\/v2\/pages\/76\/revisions"}],"predecessor-version":[{"id":288,"href":"http:\/\/www.welfaregiornalisti.it\/index.php?rest_route=\/wp\/v2\/pages\/76\/revisions\/288"}],"up":[{"embeddable":true,"href":"http:\/\/www.welfaregiornalisti.it\/index.php?rest_route=\/wp\/v2\/pages\/73"}],"wp:attachment":[{"href":"http:\/\/www.welfaregiornalisti.it\/index.php?rest_route=%2Fwp%2Fv2%2Fmedia&parent=76"}],"curies":[{"name":"wp","href":"https:\/\/api.w.org\/{rel}","templated":true}]}}