{"id":374,"date":"2014-11-23T15:03:04","date_gmt":"2014-11-23T14:03:04","guid":{"rendered":"http:\/\/www.welfaregiornalisti.it\/?page_id=374"},"modified":"2014-11-23T15:03:04","modified_gmt":"2014-11-23T14:03:04","slug":"open-data-journalism-le-nuove-frontiere-dellinformazione","status":"publish","type":"page","link":"http:\/\/www.welfaregiornalisti.it\/?page_id=374","title":{"rendered":"Open Data Journalism: le nuove frontiere dell\u2019informazione"},"content":{"rendered":"<p><strong>Matera<\/strong><br \/>\n26 ottobre 2012<br \/>\nSala del Consiglio comunale, Comune di Matera, Via Aldo Moro<\/p>\n<p><strong>Docenti:<\/strong><br \/>\n&#8211; <strong>Marco Boscolo<\/strong>, giornalista scientifico, video e audio producer presso Formica blu srl, agenzia di comunicazione scientifica, collabora con Linkiesta, Wired Italia e Sentire ascoltare.com, tra i massimi esperti in Italia di data journalism;<br \/>\n&#8211; <strong>Anna Tononi,<\/strong> responsabile ufficio stampa dell\u2019Istat, primo ricercatore presso istat \u2013 direzione centrale diffusione e comunicazione, Roma,;<br \/>\n&#8211; <strong>Vincenzo Patruno,<\/strong> IT project Manager presso ISTAT, responsabile del Progetto Open Data dell\u2019Istat, promotore e membro di Apps4Italy<\/p>\n<p>Seminario formativo sulla nuove opportunit\u00e0 e\u00a0 nuove strade per produrre informazione di qualit\u00e0, di impatto ed di utilit\u00e0 politica e sociale aperte dalla digitalizzazione dei dati e la loro pi\u00f9 ampia Il data journalism, appunto, che \u00e8 la nuova frontiera del giornalismo mondiale, best practies in America ed Inghilterra.<\/p>\n","protected":false},"excerpt":{"rendered":"<p>Matera 26 ottobre 2012 Sala del Consiglio comunale, Comune di Matera, Via Aldo Moro Docenti: &#8211; Marco Boscolo, giornalista scientifico, video e audio producer presso Formica blu srl, agenzia di comunicazione scientifica, collabora con Linkiesta, Wired Italia e Sentire ascoltare.com, tra i massimi esperti in Italia di data journalism; &#8211; Anna Tononi, responsabile ufficio stampa &hellip; <\/p>\n","protected":false},"author":1,"featured_media":0,"parent":371,"menu_order":0,"comment_status":"closed","ping_status":"open","template":"","meta":{"footnotes":""},"class_list":["entry","page","publish","author-admin","post-374"],"publishpress_future_action":{"enabled":false,"date":"2026-04-28 20:23:34","action":"change-status","newStatus":"draft","terms":[],"taxonomy":"","extraData":[]},"publishpress_future_workflow_manual_trigger":{"enabledWorkflows":[]},"_links":{"self":[{"href":"http:\/\/www.welfaregiornalisti.it\/index.php?rest_route=\/wp\/v2\/pages\/374","targetHints":{"allow":["GET"]}}],"collection":[{"href":"http:\/\/www.welfaregiornalisti.it\/index.php?rest_route=\/wp\/v2\/pages"}],"about":[{"href":"http:\/\/www.welfaregiornalisti.it\/index.php?rest_route=\/wp\/v2\/types\/page"}],"author":[{"embeddable":true,"href":"http:\/\/www.welfaregiornalisti.it\/index.php?rest_route=\/wp\/v2\/users\/1"}],"replies":[{"embeddable":true,"href":"http:\/\/www.welfaregiornalisti.it\/index.php?rest_route=%2Fwp%2Fv2%2Fcomments&post=374"}],"version-history":[{"count":1,"href":"http:\/\/www.welfaregiornalisti.it\/index.php?rest_route=\/wp\/v2\/pages\/374\/revisions"}],"predecessor-version":[{"id":375,"href":"http:\/\/www.welfaregiornalisti.it\/index.php?rest_route=\/wp\/v2\/pages\/374\/revisions\/375"}],"up":[{"embeddable":true,"href":"http:\/\/www.welfaregiornalisti.it\/index.php?rest_route=\/wp\/v2\/pages\/371"}],"wp:attachment":[{"href":"http:\/\/www.welfaregiornalisti.it\/index.php?rest_route=%2Fwp%2Fv2%2Fmedia&parent=374"}],"curies":[{"name":"wp","href":"https:\/\/api.w.org\/{rel}","templated":true}]}}