{"id":275,"date":"2014-11-12T11:05:57","date_gmt":"2014-11-12T10:05:57","guid":{"rendered":"http:\/\/www.welfaregiornalisti.it\/?page_id=275"},"modified":"2014-11-12T11:05:57","modified_gmt":"2014-11-12T10:05:57","slug":"il-sistema-impresa-in-basilicata","status":"publish","type":"page","link":"http:\/\/www.welfaregiornalisti.it\/?page_id=275","title":{"rendered":"Il sistema Impresa in Basilicata"},"content":{"rendered":"<p><strong>Matera<\/strong><br \/>\n30\u00a0novembre 2010<br \/>\nSviluppo Basilicata, Rioni Sassi Via Fiorentini Recinto I, Matera<\/p>\n<p><strong>Contributi:<\/strong><br \/>\nProfessor Giovanni Schiuma Direttore Center for Value Management LIEG, DAPIT, Facolt\u00e0 di Economia, Universit\u00e0 degli Studi della Basilicata, Cambridge University<br \/>\nRaffaele Ricciuti Amministratore Unico Sviluppo Basilicata SpA<\/p>\n<p>Seminario di studio dedicato al mondo dell\u2019impresa con approccio teorico e tecnico-informativo, un breve viaggio nel sistema produttivo delle imprese con uno sguardo particolare alle opportunit\u00e0 per le stesse in Basilicata. Rivolto ai giornalisti della Basilicata per fornire un quadro cognitivo del prodotto impresa e delle opportunit\u00e0 di aiuti alla creazione delle stesse in Basilicata. Il fine ultimo \u00e8 quello di informare, attraverso il filtro dei giornalisti, sul sistema e sulle opportunit\u00e0 di impresa in Basilicata.<\/p>\n<p>Il seminario \u00e8 stato diviso in due parti.\u00a0La prima dedicata all\u2019intervento di un economista-docente universitario che ha presentato, in maniera semplice e sintetica, un quadro teorico sul sistema \u201cimpresa\u201d (organizzazione aziendale, aspetti economici e finanziari della gestione aziendale, forme e strutture delle aziende, le varie tipologie di impresa: caratteristiche e gestione, etc\u2026).\u00a0La seconda parte, gestita da Sviluppo Basilicata \u2013 la societ\u00e0 regionale per lo sviluppo, la ricerca e la competitivit\u00e0 del territorio &#8211; ha fornito alcuni dati e indicatori dello stato delle imprese in Basilicata, anche grazie agli strumenti di finanza agevolata prevista per le stesse, e ha illustrato gli strumenti legislativi e finanziari per promuovere e facilitarne la creazione e lo sviluppo.<\/p>\n","protected":false},"excerpt":{"rendered":"<p>Matera 30\u00a0novembre 2010 Sviluppo Basilicata, Rioni Sassi Via Fiorentini Recinto I, Matera Contributi: Professor Giovanni Schiuma Direttore Center for Value Management LIEG, DAPIT, Facolt\u00e0 di Economia, Universit\u00e0 degli Studi della Basilicata, Cambridge University Raffaele Ricciuti Amministratore Unico Sviluppo Basilicata SpA Seminario di studio dedicato al mondo dell\u2019impresa con approccio teorico e tecnico-informativo, un breve viaggio &hellip; <\/p>\n","protected":false},"author":1,"featured_media":0,"parent":272,"menu_order":0,"comment_status":"closed","ping_status":"open","template":"","meta":{"footnotes":""},"class_list":["entry","page","publish","author-admin","post-275"],"publishpress_future_action":{"enabled":false,"date":"2026-04-28 20:04:02","action":"change-status","newStatus":"draft","terms":[],"taxonomy":"","extraData":[]},"publishpress_future_workflow_manual_trigger":{"enabledWorkflows":[]},"_links":{"self":[{"href":"http:\/\/www.welfaregiornalisti.it\/index.php?rest_route=\/wp\/v2\/pages\/275","targetHints":{"allow":["GET"]}}],"collection":[{"href":"http:\/\/www.welfaregiornalisti.it\/index.php?rest_route=\/wp\/v2\/pages"}],"about":[{"href":"http:\/\/www.welfaregiornalisti.it\/index.php?rest_route=\/wp\/v2\/types\/page"}],"author":[{"embeddable":true,"href":"http:\/\/www.welfaregiornalisti.it\/index.php?rest_route=\/wp\/v2\/users\/1"}],"replies":[{"embeddable":true,"href":"http:\/\/www.welfaregiornalisti.it\/index.php?rest_route=%2Fwp%2Fv2%2Fcomments&post=275"}],"version-history":[{"count":1,"href":"http:\/\/www.welfaregiornalisti.it\/index.php?rest_route=\/wp\/v2\/pages\/275\/revisions"}],"predecessor-version":[{"id":276,"href":"http:\/\/www.welfaregiornalisti.it\/index.php?rest_route=\/wp\/v2\/pages\/275\/revisions\/276"}],"up":[{"embeddable":true,"href":"http:\/\/www.welfaregiornalisti.it\/index.php?rest_route=\/wp\/v2\/pages\/272"}],"wp:attachment":[{"href":"http:\/\/www.welfaregiornalisti.it\/index.php?rest_route=%2Fwp%2Fv2%2Fmedia&parent=275"}],"curies":[{"name":"wp","href":"https:\/\/api.w.org\/{rel}","templated":true}]}}