{"id":1012,"date":"2016-11-04T14:26:08","date_gmt":"2016-11-04T13:26:08","guid":{"rendered":"http:\/\/www.welfaregiornalisti.it\/?page_id=1012"},"modified":"2019-10-29T10:57:53","modified_gmt":"2019-10-29T09:57:53","slug":"luso-professionale-dei-social-network-comunicare-la-professione-ai-tempi-del-web-2","status":"publish","type":"page","link":"http:\/\/www.welfaregiornalisti.it\/?page_id=1012","title":{"rendered":"L\u2019uso professionale dei social network. Comunicare la professione ai tempi del web 2.0"},"content":{"rendered":"<header class=\"entry-header\">\n<h1 class=\"entry-title\"><strong><a href=\"http:\/\/www.welfaregiornalisti.it\/wp-content\/uploads\/2016\/09\/loco_corso.jpg\"><img loading=\"lazy\" decoding=\"async\" class=\"alignleft size-medium wp-image-967\" src=\"http:\/\/www.welfaregiornalisti.it\/wp-content\/uploads\/2016\/09\/loco_corso-300x201.jpg\" alt=\"loco_corso\" width=\"300\" height=\"201\" \/><\/a><\/strong><\/h1>\n<\/header>\n<div class=\"entry-content\">\n<p>Come promuovere e comunicare la professione del biologo attraverso <strong>Facebook, Twitter, LinkedIn o Instagram<\/strong>?<\/p>\n<p>I biologi potranno imparare a farlo in maniera professionale a partire da ottobre, con il corso di formazione sull\u2019\u201cUso professionale dei social network\u201d. Il corso, che sar\u00e0 proposto in dieci citt\u00e0 italiane, \u00e8 stato organizzato dall\u2019<strong>Ordine Nazionale dei Biologi<\/strong>, con la collaborazione del <strong><em>for<\/em>Media<\/strong> \u2013 Istituto per la formazione al giornalismo e alla comunicazione multimediale.<\/p>\n<p><em>\u201cI biologi hanno una preparazione scientifica eccellente<\/em> \u2013 dice il presidente dell\u2019ONB, Ermanno Calcatelli \u2013 <em>ed \u00e8 giusto riuscire a comunicarla in maniera efficace. Per questo continuiamo nella promozione di corsi sulla comunicazione, come abbiamo gi\u00e0 fatto in passato, stavolta puntando sui social network\u201d.<\/em><\/p>\n<p>1. Palermo, mercoled\u00ec 20 ottobre<br \/>\n2. Napoli, luned\u00ec 24 ottobre<br \/>\n3. Milano, gioved\u00ec 3 novembre<br \/>\n4. Roma, mercoled\u00ec 9 novembre<br \/>\n5. Bari, luned\u00ec 14 novembre<br \/>\n6. Firenze, mercoled\u00ec 23 novembre<br \/>\n7. Bologna, mercoled\u00ec 30 novembre<br \/>\n8. Cosenza, mercoled\u00ec 7 dicembre<br \/>\n9. Cagliari, mercoled\u00ec 14 dicembre<br \/>\n10. Genova, mercoled\u00ec 21 dicembre<\/p>\n<p>Durata: una giornata, sei ore dalle 10:00 alle 17:00 con pausa pranzo<\/p>\n<p><strong>Saluti:<\/strong><br \/>\n<strong>Ermanno Calcatelli<\/strong>, Presidente FIB, Fondazione Italiana Biologi e Ordine Nazionale dei Biologi<\/p>\n<p><strong>Introduzione<\/strong><br \/>\n<strong>Professione Biologi<\/strong>: l\u2019importanza di un\u2019efficace comunicazione (anche) online<br \/>\n<strong>Docente: Marieva Favoino<\/strong>, giornalista, comunicatrice e social media manager in ambito pubblico. Si occupa di strategie di comunicazione, gestione di processi partecipativi e di innovazione sociale ( gi\u00e0 docente apprezzata in occasione dell\u2019edizione milanese di \u201ccomunicare la professione\u201d, ciclo di seminari da noi progettato sempre per i Biologi).<\/p>\n<p><strong>Presentazione del CONTESTO operativo<\/strong><br \/>\n\u2013 Cosa \u00e8 WEB 2.0 (cenni: \u201cCluetrain Manifesto\u201d e le \u2018nuove tesi\u2019)<br \/>\n\u2013 La Brand Reputation<br \/>\n\u2013 Le relazioni con i media al tempo della disintermediazione<br \/>\n\u2013 comunicazione di servizio, di pubblica utilit\u00e0, di crisi,<br \/>\n\u2013 collaborare, condividere e co-creare negli ambienti wiki<\/p>\n<p><strong>Giro d\u2019aula<\/strong> durante il quale i partecipanti illustrano gli strumenti, le risorse e le strategie che caratterizzano la loro personale comunicazione online<br \/>\nelaborazione di una SWOT analysis con i partecipanti per costruire insieme la mappa del percorso di apprendimento<\/p>\n<p>\u2022 Siti e blog: ci servono?<br \/>\n\u2022 I social network e i social media: utilizzo in Italia (dove stanno gli interlocutori che vogliamo raggiungere con la nostra comunicazione online ?)<br \/>\n\u2022 presentazione del lavoro della seconda parte della giornata: cosa faremo e come lo faremo su facebook, linkedin, twitter + instagram e google drive.<br \/>\n<strong>Illustrazione delle coordinate operative:<\/strong><br \/>\n<strong>\u2013 rilascio credenziali account di test creati per il corso<\/strong><br \/>\n<strong>\u2013 lancio dell&#8217;hashtag da utilizzare per la giornata di formazione <\/strong><br \/>\n<strong>\u2013 annuncio dello storify finale<\/strong><\/p>\n<p><strong>LinkedIn per il personal branding<\/strong><\/p>\n<p>\u2022 LinkedIn: qual \u00e8 la differenza con gli altri social?<br \/>\n\u2022 Dress code e tone of voice: come ci si presenta su LinkedIn<br \/>\n\u2022 Il profilo LinkedIn e le sue sezioni. Farsi trovare e distinguersi<br \/>\n\u2022 Attivare il proprio network di collegamenti in modo strategico<br \/>\n\u2022 La Home Page: le sue sezioni e come utilizzarle<br \/>\n\u2022 Pulse: un blog su linkedIn. Come utilizzarlo per fare personal branding<br \/>\n\u2022 I gruppi LinkedIn: una risorsa<\/p>\n<p><strong>Lab \/ simulazione<\/strong><br \/>\nclinc di uno o pi\u00f9 profili linkedin di partecipanti al corso o in alternativa presentazione di worst e best practice<\/p>\n<p><strong>Facebook:<\/strong><br \/>\n\u2022 pagina o profilo?<br \/>\n\u2022 fondamenti utilizzo e stili casi di studio best e worst practice<br \/>\n\u2022 creare eventi attraverso facebook<br \/>\n\u2022 gestione dei commenti<br \/>\n\u2022 importanza delle social media policy (interne ed esterne)<br \/>\n\u2022 l\u2019utilizzo degli analytics e lo studio della propria comunit\u00e0 di riferimento<\/p>\n<p><strong>Facebook lab<\/strong><br \/>\nsu account di test: creazione di post, pubblicazione di foto e link, creazione di un evento facebook<br \/>\navvio creazione dello <strong>storify<\/strong> della due giorni di corso, utilizzando i materiali prodotti dai corsisti.<\/p>\n<p><strong>Twitter<\/strong><\/p>\n<p>\u2022 fondamenti utilizzo e stili (etichetta e linguaggio), casi studio<br \/>\n\u2022 Come gestire i giudizi e i contributi, rispondere e valorizzare<br \/>\n\u2022 quando e quanto twittare: programmazione e automatizzazione (presentazione di vari stumenti)<br \/>\n\u2022 quando twitter d\u00e0 il meglio di s\u00e9: la comunicazione di crisi in 140 caratteri<br \/>\n\u2022 cenni su creazione e utilizzo liste<\/p>\n<p>\u2022 il linguaggio<br \/>\n\u2013 twitter e lo stile dei 140 caratteri: disimparare a scrivere?<br \/>\n\u2013 gli hashtag: come utilizzarli<br \/>\n\u2013 l\u2019importanza della bio<br \/>\n\u2013 il RT il DM la mention, il reply e il quote<\/p>\n<p><strong>Twitter lab \/ simulazione<\/strong><br \/>\n<strong>su account di test<\/strong><br \/>\ncreazione e utilizzo di un hashtag per lanciare una campagna su un tema oggetto di dibattito nella societ\u00e0 civile o su tema \u2018caldo\u2019 per attivit\u00e0 professionale<br \/>\ngestione livetweeting multimediale di un evento<br \/>\nmonitoraggio e programmazione tweet<\/p>\n<p><strong>PAUSA PRANZO<\/strong><\/p>\n<p><strong>L\u2019importanza delle immagini nella comunicazione 2.0<\/strong><br \/>\n\u2022 instagram le emozioni raccontate in immagini<br \/>\n\u2022 flickr: costruire un archivio fotografico (impostazione licenze creative commons)<br \/>\n\u2022 pinterest la vetrina bilingue per il nostro brand\/evento\/campagna<\/p>\n<p><strong>Instagram lab<\/strong><br \/>\nsu account di test utilizziamo instagram per produrre materiale fotografico da aggiungere allo storify della giornata<\/p>\n<p><strong>OTTIMIZZARE<\/strong>: <strong>automatismi<\/strong> da LINKEDIN \u2013 FACEBOOK \u2013 twitter: come impostarli , quanto e come usarli.<\/p>\n<p>simulazione<\/p>\n<p>dubbi o richieste di approfondimento\/chiarimenti sui social media presentati<br \/>\n<strong>Collaborare in un ambiente wiki<\/strong><br \/>\ncostruzione e gestione di un ambiente wiki su google.<br \/>\nSimulazione<br \/>\n<strong>CONCLUSIONI<\/strong><br \/>\n\u2022 giro di tavolo, customer satisfaction del corso, analizzando la SWOT iniziale o i risultati dell\u2019indagine sui bisogni formativi (il punto di partenza).<br \/>\n\u2022 Comunicazione finale circa il perfezionamento e la reperibilit\u00e0 web dello storify prodotto dalla \u2018redazione diffusa\u2019 dei corsisti.<\/p>\n<\/div>\n","protected":false},"excerpt":{"rendered":"<p>Come promuovere e comunicare la professione del biologo attraverso Facebook, Twitter, LinkedIn o Instagram? I biologi potranno imparare a farlo in maniera professionale a partire da ottobre, con il corso di formazione sull\u2019\u201cUso professionale dei social network\u201d. Il corso, che sar\u00e0 proposto in dieci citt\u00e0 italiane, \u00e8 stato organizzato dall\u2019Ordine Nazionale dei Biologi, con la &hellip; <\/p>\n","protected":false},"author":1,"featured_media":0,"parent":932,"menu_order":0,"comment_status":"closed","ping_status":"closed","template":"","meta":{"footnotes":""},"class_list":["entry","page","publish","author-admin","post-1012"],"publishpress_future_action":{"enabled":false,"date":"2026-04-28 20:01:16","action":"change-status","newStatus":"draft","terms":[],"taxonomy":"","extraData":[]},"publishpress_future_workflow_manual_trigger":{"enabledWorkflows":[]},"_links":{"self":[{"href":"http:\/\/www.welfaregiornalisti.it\/index.php?rest_route=\/wp\/v2\/pages\/1012","targetHints":{"allow":["GET"]}}],"collection":[{"href":"http:\/\/www.welfaregiornalisti.it\/index.php?rest_route=\/wp\/v2\/pages"}],"about":[{"href":"http:\/\/www.welfaregiornalisti.it\/index.php?rest_route=\/wp\/v2\/types\/page"}],"author":[{"embeddable":true,"href":"http:\/\/www.welfaregiornalisti.it\/index.php?rest_route=\/wp\/v2\/users\/1"}],"replies":[{"embeddable":true,"href":"http:\/\/www.welfaregiornalisti.it\/index.php?rest_route=%2Fwp%2Fv2%2Fcomments&post=1012"}],"version-history":[{"count":6,"href":"http:\/\/www.welfaregiornalisti.it\/index.php?rest_route=\/wp\/v2\/pages\/1012\/revisions"}],"predecessor-version":[{"id":1870,"href":"http:\/\/www.welfaregiornalisti.it\/index.php?rest_route=\/wp\/v2\/pages\/1012\/revisions\/1870"}],"up":[{"embeddable":true,"href":"http:\/\/www.welfaregiornalisti.it\/index.php?rest_route=\/wp\/v2\/pages\/932"}],"wp:attachment":[{"href":"http:\/\/www.welfaregiornalisti.it\/index.php?rest_route=%2Fwp%2Fv2%2Fmedia&parent=1012"}],"curies":[{"name":"wp","href":"https:\/\/api.w.org\/{rel}","templated":true}]}}